 2*y + 1451 = 2*x. Suppose x = o + 2*o. What is the highest common divisor of 23 and o?
23
Let d(b) = b**2 - 2*b - 3. Let r be d(3). Suppose -w - w + 60 = r. Let o be (13 - -1) + (-5 - -6). Calculate the greatest common factor of w and o.
15
Let z be 1/(-4 + 3)*-1. Calculate the highest common factor of 2 and z.
1
Let l = -3 + 8. Let n be 252/20 - 3/l. What is the greatest common divisor of n and 6?
6
Let u(t) = t + 15. Let c be u(-8). What is the greatest common divisor of 77 and c?
7
Let u be 2/(-5) + (-555)/(-75). Let d = 18 + -11. What is the greatest common factor of d and u?
7
Let v(l) = -l**2 + 14*l - 14. Let k be v(12). Let u(g) = -g + 20. Let c be u(0). Calculate the greatest common divisor of c and k.
10
Let z(b) = 20*b**2 + 2*b + 5. Let k be z(-5). Suppose -4*j + k = j. What is the greatest common factor of 9 and j?
9
Suppose 31 = l + 2*g, 5*l - 125 = -g + 6*g. Suppose k - 53 - l = 0. Let s = -43 - -75. What is the highest common factor of k and s?
16
Suppose -34 = 20*o - 21*o. Let c = 79 - o. What is the highest common factor of c and 15?
15
Let c = 350 + -170. Calculate the highest common divisor of 30 and c.
30
Let r = -347 - -91. Let h = -166 - r. What is the greatest common factor of 15 and h?
15
Suppose -j - 36 = -4*n, j = 4*n + 4*j - 52. Let y(g) = g**3 - 9*g**2 - 8*g - 10. Let h be y(n). What is the highest common factor of 5 and h?
5
Let s = -11 + 5. Let c = 10 + s. Suppose c*u = u + 27. Calculate the highest common divisor of 3 and u.
3
Let d be ((-15)/(-6))/((-50)/(-120)). Calculate the highest common divisor of d and 15.
3
Suppose 4*p - 1 = 3*p. Calculate the greatest common factor of 1 and p.
1
Let h be 56 - ((-2)/(-2))/(-1). Calculate the highest common factor of h and 38.
19
Let f = -3 + 24. Suppose a + 2*h = 9, -3*a - h - 2*h = -f. What is the greatest common divisor of a and 2?
1
Let r(u) = -u + 94. Let i be r(17). Calculate the greatest common divisor of i and 11.
11
Suppose 36 = 2*s - 5*c, -2*c - 2*c = 0. Let x be (-2)/2 - (1 - 2). Suppose x = 3*m - 5*m + 18. What is the highest common factor of s and m?
9
Let m(j) = j**2 - j - 4. Let d be m(-4). Calculate the highest common factor of 80 and d.
16
Suppose 14*p - 9*p - 40 = 0. What is the greatest common factor of 40 and p?
8
Let z = -80 - -146. Calculate the greatest common factor of z and 6.
6
Suppose v = d + 4*v - 22, -v = 3*d - 98. What is the highest common divisor of d and 85?
17
Suppose -21*o + 39 = -87. What is the greatest common divisor of 174 and o?
6
Let k be 3*5/(-6)*-14. What is the greatest common divisor of k and 7?
7
Let w(s) = 5*s**2 + 3*s. Let q = -3 - -1. Let b be w(q). Suppose 0 = -c - 1, 3*c - 5*c - 170 = -4*i. Calculate the greatest common divisor of b and i.
14
Let n = 0 - -4. Suppose 0 = -5*t + t + n. Let z be (30/(-21))/(t/(-7)). Calculate the highest common divisor of 60 and z.
10
Let k be 15 - (-1 + 2 - -1). Suppose 11 = 4*l - k. What is the highest common factor of l and 48?
6
Let f be (-8 - 0)*4/(64/(-44)). Calculate the highest common factor of f and 121.
11
Let b = 453 + -306. Let k = 3 - 0. Suppose -k*s - 2*s + 4*f = -105, 0 = -5*s + 2*f + 105. Calculate the greatest common factor of s and b.
21
Suppose 0*m = 3*m - 84. Suppose -5*p - 3 + m = 0. What is the greatest common factor of 25 and p?
5
Let v(a) = 2*a**2 + a. Let l be v(4). What is the greatest common divisor of 90 and l?
18
Suppose y + c = -c + 22, y = 4*c + 4. Let i be 3*((-240)/9)/(-4). Suppose -4*v + 76 = -i. What is the greatest common divisor of v and y?
8
Suppose -5*r + 8 = -r. Let u be r - 3 - 5/(-1). What is the highest common factor of u and 20?
4
Let f = 2 + 3. Suppose f*n - 4*n - 91 = 0. Suppose 3*i = 3*s + 45, -i - 4*s + 31 = 2*i. Calculate the greatest common divisor of i and n.
13
Let x(q) = q**3 - 12*q**2 + 8*q + 8. Let k be x(12). Let f(w) = 3*w**2 + 1. Let r be f(-2). Calculate the highest common factor of k and r.
13
Let b = -1 - 1. Let h be (0 + b)/(12/(-30)). Calculate the highest common factor of 45 and h.
5
Let y be (-12)/(-30)*(1 + 179). Suppose y = 5*l - 2*u - 38, -3*u = l - 39. Let h be (-9)/(-2)*416/l. What is the highest common factor of h and 52?
26
Suppose -14*m + 10*m = -392. Calculate the highest common divisor of m and 28.
14
Suppose -a - 7 = -t, 0*a - 5*a + 5 = 5*t. What is the highest common factor of t and 4?
4
Let z = -56 + 81. Suppose 0*r = r - z. What is the highest common factor of 5 and r?
5
Let p(y) = -y**2 - 14*y + 5. Let h be p(-13). Suppose -5*t - j = 2*j - 372, 4*t - 308 = -5*j. What is the greatest common divisor of h and t?
18
Let l be ((-7)/(-5))/(2/130). Suppose -c + 21 - 7 = 0. Suppose 0 = -3*r + 15, -5*r - 13 - c = -4*t. Calculate the highest common divisor of l and t.
13
Suppose -2 = 2*h, 0 = -3*r - 3*h + 365 + 13. Suppose -o - t + r = 0, 181 + 192 = 3*o - 5*t. Let x = -17 - -31. What is the greatest common factor of x and o?
14
Let o be (9 + -3)/(-2) - -17. Calculate the highest common factor of o and 14.
14
Let s(j) be the first derivative of j**4/4 - 10*j**3/3 - j**2/2 - 14*j + 3. Let w be s(11). What is the highest common divisor of 24 and w?
24
Suppose -5*k = -36 + 16. What is the greatest common divisor of 28 and k?
4
Suppose -2*v - 42 = -3*b, -2*b = -4*v - 33 - 3. Suppose 0 = -4*k + 1244 - 908. Calculate the highest common divisor of b and k.
12
Suppose 3*j = 8*j - 25. Suppose j*y + 0*y = 230. Calculate the highest common divisor of y and 23.
23
Let a = -3 - -8. Suppose -4 = -4*p - 4*i, -a*p + 1 - 12 = -3*i. Let q be (p - 0)*15/(-3). What is the greatest common divisor of q and 35?
5
Suppose 3*f - 56 - 115 = 3*s, -4*f = s - 213. Let t = f - 36. Calculate the greatest common factor of t and 27.
9
Let d = 75 + -51. Let t = d - 2. Calculate the highest common factor of t and 11.
11
Let w be (0 - -1)/((-1)/(-12)). Let k be (1 - 0)*(62 + -2). Calculate the greatest common divisor of k and w.
12
Let l = -16 - -20. Suppose v - 2*w + l*w - 42 = 0, 4*v - 3*w - 223 = 0. Calculate the greatest common factor of v and 130.
26
Suppose -5*m - 4 = -14. Suppose -m*p = -y + 56, 3*p + p - 158 = -3*y. What is the highest common divisor of y and 9?
9
Suppose 0*s - 1 = s. Let z be 3 + 2 + 2 + s. Suppose -z*w + 135 = -w. Calculate the highest common divisor of w and 54.
27
Suppose -4*z + 4*a = 48, a - 13 = 2*z + 7. Let c = 13 + z. Suppose -20 = -y + 3*w + 2*w, -4*y = 4*w - 80. Calculate the highest common factor of y and c.
5
Let i(m) = -m**3 + 4*m**2 + 7*m - 1. Let q be i(5). Let h be 446/10 + 6/15. Calculate the highest common factor of h and q.
9
Let g(q) = -q - 6. Let o(k) = 2*k + 11. Let z(b) = -5*g(b) - 2*o(b). Let i be z(6). Calculate the highest common divisor of 21 and i.
7
Let j = 0 + 1. Suppose o - j = -0*o. Let q be -1 + o + 118 + 2. What is the greatest common divisor of q and 15?
15
Let j = 22 + -11. Let x be ((-33)/4)/((-1)/4). What is the greatest common divisor of j and x?
11
Let x be (3 - 10)*36/(-14). What is the highest common divisor of 108 and x?
18
Let c = -54 - -139. Let i be -2*(-2 + 13/(-2)). What is the greatest common factor of c and i?
17
Suppose 2 = -3*w + 26. Suppose 7*k - 2*k - 195 = 5*v, -k + 42 = 2*v. What is the highest common divisor of k and w?
8
Let c(s) = s + 6*s - 3 + 0*s + 5*s**2. Let r be c(-6). Calculate the greatest common divisor of 27 and r.
27
Suppose 4*x - 5*f - 20 = 98, 4*f + 35 = x. Let t(j) = -j**3 - 9*j**2 - j - 6. Let u = -13 + 4. Let n be t(u). Calculate the highest common divisor of x and n.
3
Let u(z) = z**3 + 7*z**2 + 6*z + 8. Let w be u(-6). Suppose 6*n + 48 = w*n. What is the greatest common factor of 16 and n?
8
Let y be -1 + -2 - 6/(-2). Suppose -3*p = 5*k - 3, y = 2*p - 0*k + 4*k. Let a be (2 + (-2)/2)*p. What is the greatest common factor of 66 and a?
6
Let j(t) = -12*t - 2. Let g be j(-1). Let v(f) = -f**2 + 14*f - 10. Let h be v(g). Calculate the highest common factor of 15 and h.
15
Let h be -2 + (7/(-14) - 87/(-2)). Calculate the greatest common factor of h and 246.
41
Suppose 3*a = 4*a + j, -2*a - 5*j - 3 = 0. Let o be (4/(-6))/(a/(-90)). Calculate the highest common factor of o and 15.
15
Let w be (84/(-5))/((-33)/110). What is the highest common divisor of 8 and w?
8
Let l = -5 - 17. Let v = l - -52. Suppose -4*y = -65 + 5. What is the greatest common factor of y an